= -t**2 + 60*t - 425. Determine m(55).
-150
Let s(g) = 71*g**2 + 748*g - 388. Give s(-11).
-25
Let j(i) = 2*i**2 - 10*i - 11. What is j(5)?
-11
Let x(k) = 151*k + 3810. Give x(-26).
-116
Let d(j) = -47*j - 3. What is d(0)?
-3
Let l(x) = 3*x**2 + 190*x + 2698. Calculate l(-42).
10
Let n(y) = 50*y + 1275. Calculate n(-28).
-125
Let i(g) = -g**3 + 22*g**2 - 43*g - 42. What is i(20)?
-102
Let a(w) = w**3 + 13*w**2 - 266*w - 42. What is a(-24)?
6
Let g(q) = -q**2 + 19*q + 144. Calculate g(-7).
-38
Let m(o) = -2*o**2 + 224*o - 5277. Calculate m(78).
27
Let l(m) = 38*m + 858. Determine l(-23).
-16
Let w(l) = 22*l + 108. Determine w(-4).
20
Let p(w) = -w**3 - 17*w**2 - 72*w + 4. Give p(-12).
148
Let w(m) = -15*m**3 - m**2 - m + 3. Calculate w(-2).
121
Let v(m) = 31*m + 100. What is v(-5)?
-55
Let t(l) = l + 155. Give t(-130).
25
Let k(a) = -2*a**3 - 62*a**2 + 15*a + 479. Determine k(-31).
14
Let x(v) = -v**2 + 62*v - 893. What is x(34)?
59
Let j(q) = 458*q - 10969. What is j(24)?
23
Let a(w) = -87*w - 359. Calculate a(-5).
76
Let b(q) = q**3 - 8*q**2 + 14*q - 7. Determine b(6).
5
Let s(x) = -483*x + 1511. Calculate s(3).
62
Let g(s) = 3*s**2 + 50*s + 211. What is g(-9)?
4
Let y(h) = 33*h**2 - h - 9. Give y(-2).
125
Let t(j) = 33*j**3 + 6*j**2 + 9*j - 4. What is t(-3)?
-868
Let p(t) = -9*t**2 - 41*t - 34. Determine p(-4).
-14
Let w(s) = 2*s**3 + 24*s**2 + 363*s + 3759. What is w(-11)?
8
Let v(j) = -j**3 + 19*j**2 + 255*j - 587. Calculate v(2).
-9
Let d(m) = m**2 + 15*m - 253. Calculate d(-24).
-37
Let y(s) = s**2 - 146*s - 746. What is y(-5)?
9
Let d(m) = 326*m - 1696. Determine d(5).
-66
Let h(f) = -f**3 + f**2 - 11*f - 4. Give h(-4).
120
Let o(x) = -2*x - 167. Determine o(-59).
-49
Let g(v) = -354*v - 1883. Determine g(-8).
949
Let g(c) = -12*c + 4. What is g(10)?
-116
Let u(p) = -2*p**3 + 8*p**2 + 11*p - 7. What is u(6)?
-85
Let s(k) = -k**2 + 2458*k - 14763. Calculate s(6).
-51
Let f(a) = 7*a**2 + 79*a - 25. Calculate f(-13).
131
Let y(t) = 30*t**2 + 1018*t - 67. What is y(-34)?
1
Let h(v) = -3*v**3 - 16*v**2 - 7*v + 5. Give h(-4).
-31
Let d(h) = 2*h + 194. Calculate d(-14).
166
Let a(r) = -r**2 + 29*r - 136. What is a(5)?
-16
Let i(b) = 13*b + 71. Calculate i(8).
175
Let r(b) = -b**3 + 9*b**2 - 11*b + 48. Determine r(7).
69
Let y(h) = 88*h - 2757. Determine y(31).
-29
Let v(i) = -i**3 - 15*i**2 + 23*i + 11. What is v(-17)?
198
Let l(u) = -42*u + 2001. What is l(46)?
69
Let a(w) = -129*w + 3. What is a(1)?
-126
Let l(o) = o**3 + 32*o**2 - 3*o - 98. What is l(-32)?
-2
Let a(t) = -154*t + 1072. What is a(7)?
-6
Let d(s) = 2*s**2 + s - 50. Give d(8).
86
Let a(l) = -6*l**3 + 25*l**2 + 39*l + 14. What is a(-1)?
6
Let l(h) = 2*h**3 - 63*h**2 - 43*h + 344. Determine l(32).
-8
Let s(x) = -2*x**3 - 36*x**2 + 30*x + 54. Give s(-19).
206
Let a(t) = -137*t + 2194. What is a(16)?
2
Let r(k) = k**3 - 26*k**2 - k - 359. What is r(27)?
343
Let j(u) = 132*u - 1458. Give j(11).
-6
Let r(b) = 6*b + 58. Calculate r(-16).
-38
Let o(b) = -28*b - 150. Calculate o(-6).
18
Let v(f) = -99*f + 5445. Give v(55).
0
Let t(a) = -11*a - 114. What is t(-21)?
117
Let p(f) = -f**3 - 204*f**2 - 2827*f + 1487. Determine p(-189).
-25
Let u(w) = 5*w**3 + 29*w**2 - 22*w - 65. What is u(-6)?
31
Let j(a) = -8*a**2 + 667*a - 265. Calculate j(83).
-16
Let p(t) = -t**3 + 4*t**2 - 14*t - 3. Determine p(4).
-59
Let u(c) = -93*c - 264. Calculate u(-3).
15
Let m(q) = q**3 + 14*q**2 - 56*q - 46. Calculate m(-17).
39
Let b(t) = 6*t**2 + 52*t - 54. Determine b(1).
4
Let f(k) = -k**3 + 12*k**2 - 40*k + 27. What is f(6)?
3
Let n(u) = 27*u**2 + 5*u + 27. Calculate n(-3).
255
Let a(c) = -c**3 + 6*c**2 + 25*c - 80. Determine a(7).
46
Let g(y) = -1251*y + 43772. Give g(35).
-13
Let l(v) = -15*v - 21. What is l(16)?
-261
Let v(c) = -44*c - 120. What is v(-9)?
276
Let y(v) = v**3 + 36*v**2 + 128*v - 4. Determine y(-32).
-4
Let o(b) = 267*b + 12. Give o(0).
12
Let m(y) = -y**3 + 3*y**2 + 13*y - 8. What is m(9)?
-377
Let z(a) = -a**2 + 16*a - 53. Determine z(0).
-53
Let a(z) = 26*z. What is a(-15)?
-390
Let f(w) = -56*w - 1005. What is f(-19)?
59
Let x(p) = -p**3 - 7*p**2 - 11*p - 30. Give x(-6).
0
Let i(z) = -z**3 + 8*z**2 + 7*z - 102. Determine i(7).
-4
Let g(v) = 239*v - 1197. Give g(5).
-2
Let h(b) = b**2 - 20*b - 13. Determine h(18).
-49
Let n(v) = 96*v + 462. What is n(-5)?
-18
Let z(l) = l**3 + 9*l**2 - 44*l + 2. What is z(-13)?
-102
Let u(z) = -24*z - 157. What is u(-8)?
35
Let j(u) = 7*u - 290. Give j(61).
137
Let b(j) = 2*j**3 + 12*j**2 + 6*j + 41. Give b(-6).
5
Let h(g) = -g**3 - 20*g**2 + g + 9. Calculate h(0).
9
Let v(q) = -q**3 - 7*q**2 + 150*q + 1201. Determine v(-10).
1
Let l(b) = b**2 - 277*b + 5830. Calculate l(23).
-12
Let f(g) = 2*g**2 - 210*g + 22. What is f(105)?
22
Let c(d) = -3*d**3 + d**2 + 2. Give c(2).
-18
Let t(m) = -42*m - 308. Give t(-7).
-14
Let y(f) = -2*f**3 - 72*f**2 + 149*f + 232. Determine y(-38).
346
Let r(b) = b**3 + 18*b**2 + 43*b - 33. What is r(-15)?
-3
Let y(s) = 299*s + 6581. Determine y(-22).
3
Let f(z) = 931*z - 1864. Calculate f(2).
-2
Let j(f) = f**3 + 9*f**2 + 15*f + 1. Calculate j(-7).
-6
Let h(i) = 2*i**2 - 132*i - 5037. Determine h(93).
-15
Let z(r) = r**2 - 61*r - 2496. Calculate z(89).
-4
Let u(z) = -137*z**2 - 3*z + 2. Give u(2).
-552
Let d(z) = z**3 + 78*z**2 + 363*z - 169. Calculate d(-73).
-23
Let n(v) = -5*v**2 - 34*v - 7. Calculate n(-6).
17
Let d(a) = -a**3 - 19*a**2 - 40*a - 1194. What is d(-20)?
6
Let t(v) = -v**2 + 5*v + 34. What is t(9)?
-2
Let g(c) = -2*c**3 - 11*c**2 + c + 8. Determine g(-5).
-22
Let a(k) = 2*k**3 - 16*k**2 + 42*k - 74. Calculate a(8).
262
Let w(p) = 23*p**2 - 204*p - 15. Determine w(9).
12
Let h(b) = 133*b + 56. Calculate h(-4).
-476
Let y(d) = -213*d - 284. Determine y(-2).
142
Let c(a) = 3*a**3 - 148*a**2 - 156*a + 2804. Give c(50).
4
Let o(b) = -b**3 + 18*b**2 - 52*b - 43. Calculate o(13).
126
Let a(s) = s**2 - 272. What is a(19)?
89
Let w(j) = -83*j + 12. Determine w(1).
-71
Let p(u) = u**3 + 81*u**2 - 165*u + 235. What is p(-83)?
152
Let d(u) = 3*u**2 - 15*u - 17. Calculate d(-3).
55
Let m(u) = 14*u - 165. What is m(13)?
17
Let i(w) = -121*w**2 - 321*w - 7. Determine i(-3).
-133
Let h(p) = -5*p**2 + 54*p + 33. Calculate h(11).
22
Let f(b) = -886*b + 23931. Give f(27).
9
Let h(s) = s**3 - 70*s**2 + 905*s - 39. Calculate h(53).
173
Let o(g) = -1666*g + 20010. Calculate o(12).
18
Let y(g) = 325*g**2 + 16*g - 8. Give y(1).
333
Let i(n) = 78*n + 218. Give i(-3).
-16
Let b(s) = s**2 - 2160*s + 4328. Give b(2).
12
Let b(k) = -13*k - 332. Determine b(-24).
-20
Let p(j) = -7*j**3 - 4*j**2 + j + 2. Give p(2).
-68
Let z(u) = -6*u**3 - 138*u**2 - u - 4. Determine z(-23).
19
Let o(p) = -3*p - 92. Give o(-38).
22
Let g(b) = 32*b**2 - 547*b - 42. Give g(17).
-93
Let p(a) = -142*a - 1948. Determine p(-14).
40
Let q(h) = -2*h**2 + 171*h - 398. Determine q(83).
17
Let k(c) = 5*c - 34. What is k(4)?
-14
Let o(k) = 60*k + 2995. What is o(-50)?
-5
Let a(l) = -2*l**3 + 18*l**2 + 54*l + 15. What is a(11)?
125
Let y(r) = -r**2 - 22*r + 766. Determine y(18).
46
Let j(a) = -6*a**2 + 308*a - 1184. What is j(4)?
-48
Let a(s) = -4*s**3 - 89*s**2 - 23*s - 9. Give a(-22).
13
Let j(k) = -k**3 + 8*k**2 + 4*k - 70. Calculate j(9).
-115
Let s(m) = -m**2 - 40*m - 78. Give s(-2).
-2
Let c(y) = -2*y**2 - 17*y - 10. Calculate c(-11).
-65
Let l(m) = m**3 + 9*m**2 + 4*m + 460. Determine l(-12).
-20
Let n(o) = -534*o + 1672. Calculate n(3).
70
Let c(y) = -y**3 - 128*y**2 - 139*y - 1602. Give c(-127).
-78
Let h(v) = 54*v + 2686. Calculate h(-50).
-14
Let v(i) = -4*i**3 + 220*i**2 + 942*i + 132. Calculate v(59).
14
Let c(o) = 179*o + 5015. What is c(-28)?
3
Let h(c) = -c**3 - 16*c**2 + 134*c - 23. Calculate h(6).
-11
Let b(k) = 1444*k + 11533. Determine b(-8).
-19
Let a(c) = -c**2 + 75*c - 828. Determine a(13).
-22
Let l(b) = -39*b - 725. What is l(-19)?
16
Let b(r) = -r**3 - r**2 - 16*r - 3. Determine b(0).
-3
Let f(p) = 362*p + 12659. Determine f(-35).
-11
Let k(w) = w**3 + 19*w**2 - 183*w - 37. What is k(7)?
-44
Let p(u) = -4*u**3 + 64*u**2 + 2*u - 4. Determine p(16).
28
Let j(h) = h**3 + 100*h**2 + 1973*h + 60. Calculate j(-27).
6
Let j(r) = -7*r + 786. Give j(6).
744
Let t(g) = -622*g + 3119. Determine t(5).
9
Let d(f) = -f**3 + 16*f**2 + 12*f + 87. Calcu